is w(-2)?
-9
Let y = 10 - 16. Let l(z) = z**3 + 10*z**2 + 10*z + 8. Let s(r) = r**3 + 9*r**2 + 10*r + 8. Let b(i) = -2*l(i) + 3*s(i). Give b(y).
-16
Let u(j) = -j**2 - 11*j - 11. Let k be 5/(-1) - (8 - (2 - -1)). Calculate u(k).
-1
Let u(o) = -24*o + 12*o + 9*o + 4. Give u(5).
-11
Let r(x) be the first derivative of -5*x**2/2 - 10*x - 270. Give r(-3).
5
Let z(k) = -k**2 + 10. Let b(a) = 2*a**2 - a - 19. Let n(s) = 6*b(s) + 11*z(s). Let v = -28 - -35. Give n(v).
3
Suppose -67 = 2*t + 5*r + 35, 0 = r + 2. Let j = -41 - t. Let z(f) be the second derivative of f**5/20 - f**4/2 + 5*f**3/6 - f**2/2 + f. Calculate z(j).
-1
Let c(b) = -b**2 - b - 3. Let r be (5/(-1) + 3)/2. Let u = r + -1. Let l be u/(-4) - (-3)/(-6). Calculate c(l).
-3
Let u(i) = 4*i + 10. Let o(s) be the second derivative of -s**3/2 - 9*s**2/2 + 3*s. Let v(y) = 3*o(y) + 2*u(y). Give v(0).
-7
Suppose 4 = b + b. Suppose -z = b*z. Let y(t) = -16 - 11 - 4*t + 3*t + 44 - 19 + t**2. Determine y(z).
-2
Let f(t) = t**3 - t + 2. Let i(j) be the third derivative of -j**6/10 + j**5/60 - j**3/6 + 9*j**2. Let o be i(-1). Suppose 14*u - o*u + 4 = 0. Determine f(u).
-4
Let o = -1642 + 1646. Let m(j) = 2*j - 12. What is m(o)?
-4
Let n(f) be the third derivative of f**5/10 + f**4/24 - f**3/3 + f**2 + 118. Calculate n(-1).
3
Let d = 434 - 441. Let q(j) be the third derivative of j**4/12 + j**3/3 + 2*j**2. Calculate q(d).
-12
Let t be -13*7/28 - 1/(-4). Let x(j) = j**2 - 1. Give x(t).
8
Let m(n) = -5*n + 3. Let c(s) = -s**2 - 2*s + 5. Let a be c(-3). Suppose 0 = -2*f + 5*w, -3*w - 4 = a*f - 4*f. Suppose -f*x + 0 = -10. Give m(x).
-7
Suppose 4*y - 4 = 2*z + 4, 4*z - 4 = 3*y. Let v be (-4 - 22/(-8))/((-1)/z). Let m(i) be the first derivative of i**3/3 - 3*i**2 + 7*i + 1. Determine m(v).
2
Let q(p) = p**2 - 3*p - 4. Let l = 119 - 114. Calculate q(l).
6
Suppose -49 = 8*l + 7. Let m(z) = z**2 + 10*z + 5. What is m(l)?
-16
Suppose -y = 5*r - 19, r + 4*r + 2*y = 18. Let z = r - 6. Let w(t) be the second derivative of 4*t**3/3 - t**2/2 + 4*t. Determine w(z).
-17
Let d(y) = y**2 + 16*y + 31. Let c be d(-13). Let t(a) = -3*a**2 + 325 + 328 + 10*a + 4*a**2 - 649. Give t(c).
-12
Let r(l) = l**3 - 4*l**2 - 3*l + 4. Let a be (1/8)/(9/72). Let x be (-16)/(-3) + a/(-3). What is r(x)?
14
Let c(z) be the third derivative of z**4/24 - 2*z**2 - 610*z. Let h be (0 - (3 - 2))*-6. Calculate c(h).
6
Suppose -5*l + 5*c - 85 = 0, 10 = -2*l - 4*c - 24. Let j = 13 + l. Let y(z) = -z**3 - 4*z**2 + 2*z + 3. Determine y(j).
-5
Let r(x) be the second derivative of -x**5/10 + x**4/6 - x**3/6 + x - 122. Give r(1).
-1
Let t(x) = -x + 14. Let z be t(11). Suppose -2*s + 8 = -2*q - 0, 0 = -5*q - z*s - 28. Let u(d) = -d**2 - 7*d - 4. Give u(q).
6
Suppose -198 = -10*v - 158. Let x(o) = o**2 - 1 + 3 + 1 - 6*o. Give x(v).
-5
Suppose 5*o = 0, 2*h = 5*o - o - 18. Let y(l) be the second derivative of l**5/20 + 3*l**4/4 + l**3/3 + 6*l**2 + 52*l. Calculate y(h).
-6
Let i(h) be the first derivative of -h**5/20 + 2*h**4/3 - 4*h**3/3 - 15*h + 19. Let r(d) be the first derivative of i(d). Calculate r(7).
-7
Let w(z) be the second derivative of z**5/20 - z**4/2 - 2*z**3/3 - 17*z**2/2 - 2*z. Let n be w(7). Let o(u) = -u**2 + u + 5. Determine o(n).
-7
Suppose -21 = -13*q + 17*q - 3*s, 5*q + 5*s = -70. Let x(v) = -v. Give x(q).
9
Suppose -k + 2*w - 27 = 2*k, 5*k - 5*w = -50. Let j(p) = -p**3 - 7*p**2 - 2*p - 17. Give j(k).
-3
Let t(b) = 5 + b**2 - 2 - 8*b - 1. Let x = 38 - 55. Let g = -14 - x. What is t(g)?
-13
Let a(s) = 7583*s**3 - 3789*s**3 + 6*s - 7*s**2 - 7 - 3793*s**3. Let p(r) = r**2 - 5*r + 6. Let w be p(5). Calculate a(w).
-7
Let c be 44 - (6/(-9))/(4/(-6)). Let l = 49 - c. Let s(w) = -w**3 + 6*w**2 - w - 1. Give s(l).
-7
Let q be 16/(-8)*10/(-4). Let u(g) = 3*g**2 - 5*g + 8. Let c(w) = 10*w**2 - 15*w + 25. Suppose -5*d - 11 = -1. Let v(m) = d*c(m) + 7*u(m). Give v(q).
6
Suppose -4*u + 0*u = -4. Let m(c) = c**2 - 4*c + 3. What is m(u)?
0
Suppose -22 = -8*y + 26. Let w(u) = 3*u - 11. What is w(y)?
7
Let g(n) = 14*n - 2*n - 2*n. Calculate g(1).
10
Let g be (-3 - (-16)/6)*-6. Suppose -q + 4*x = 14, 0 = 3*q + g*q + 4*x - 50. Let l = 12 - q. Let i(o) = -3*o + 6. Give i(l).
-12
Let r(o) be the first derivative of -3*o**2/2 + 16*o - 25. Let f be r(5). Let b(v) be the second derivative of v**5/5 - v**4/12 + v**2/2 + v. Determine b(f).
4
Let d(l) = -l**3 + 6*l**2 - l - 1. Let k(t) = t**3 + t - 1. Let u(b) = -d(b) - 2*k(b). Let x be -2 + (1 - (7 - 3)). Determine u(x).
-17
Let y(v) = -v - 1. Let r(j) = -j**3 - 11*j**2 - 9*j + 14. Suppose m + 5 = 5*o - 5, m - 3*o + 10 = 0. Let z be r(m). Let b be (-2)/z*(5 - -7). What is y(b)?
5
Let l(d) be the third derivative of -1/6*d**3 + 0*d + 1/60*d**5 + 1/24*d**4 + 0 - 20*d**2. Determine l(-1).
-1
Suppose 0 = 55*j - 51*j - 44. Suppose -4*q + 18 = -2*q + 4*r, -3*r = -q - j. Let d(k) = -2*k. Determine d(q).
-2
Suppose -23 = -4*j - 5*s, -28*s - 16 = -5*j - 30*s. Let w(l) be the second derivative of -l**5/20 + l**4/12 - l**3/2 + l**2/2 + l. Give w(j).
-9
Let v(i) be the first derivative of -i**4/4 - 5*i**3/3 - 3*i**2 - 9*i + 162. What is v(-4)?
-1
Suppose -2*q - 2*r = -12, r - 6 = q - 2. Let f(o) = -2 - 1 + 1 - q + o. Determine f(5).
2
Suppose -2*c = -0*c - 2. Let n(x) = 1 + 99*x**2 - 100*x**2 - 2 + x. Let d(g) = 2*g**2 + g - 1. Let p(i) = d(i) - 2*n(i). Calculate p(c).
4
Let r(x) = 2*x**2 + 23*x + 17. Let b(d) = -d**2 - 12*d - 9. Let y(s) = -5*b(s) - 3*r(s). Suppose -5*h = 3*j - 4*h + 21, -3*j - 21 = -5*h. Give y(j).
8
Let m(c) = -c**2 - 4*c**2 - 5*c - 3*c**2 + 9*c**2. Determine m(7).
14
Let m(c) = -c**2 - 8*c - 8. Let n be m(-7). Let l = -106 - -103. Let z = l + n. Let f(g) = g - 3. Determine f(z).
-7
Suppose i = -3*x + 1, -9 = 13*i - 15*i + x. Let k(u) = -7*u**2 + 14*u - 11. Let r(z) = -3*z**2 + 7*z - 5. Let v(l) = 2*k(l) - 5*r(l). Calculate v(i).
-9
Let x(t) = -t**3 + 14*t**2 - 5*t + 1. Let k(p) = 2*p**2 + p - 2. Let b(o) = -4*k(o) + x(o). What is b(5)?
-11
Suppose -15*s = 112*s - 1397. Let n(k) = 2*k - 14. Calculate n(s).
8
Let d = -1014 - -1027. Let f(s) = s**2 - 11*s - 19. What is f(d)?
7
Let o(l) be the first derivative of -l**4/4 + l**3/3 - l**2/2 + 6*l - 5. Let d = 22 - 22. What is o(d)?
6
Let c be (-6)/5*(-20)/(-3). Let z = c + 11. Let a(r) = 0*r**3 + 0*r**3 + r**3 - 4*r**2 + 5 - 6*r - z. Determine a(5).
-3
Let h(x) = -5*x**2 + 0*x**2 - 476 - x + 4*x**2 + 464. Let n be (-1)/(1 + 15/(-12)). Let s be 5/20 + (-1)/n. Calculate h(s).
-12
Let h(g) = -1346*g - 3 - 14 + 4 + 1343*g. Give h(-5).
2
Let n(u) = u**2 + 10*u - 2. Let a(m) = -m**3 + 23*m**2 + 23*m + 14. Let h be a(24). What is n(h)?
-2
Let z(l) be the third derivative of -l**5/30 - 3*l**4/8 - l**3/2 - 21*l**2 - 2. Determine z(-4).
1
Let g(a) = -6*a - 113. Let d be g(-18). Let z(c) = -c**2 - 8*c - 7. Calculate z(d).
8
Let x(g) = g**2 + 5*g - 6. Let h(n) be the third derivative of n**5/20 - n**4/8 - n**3/6 + 3*n**2. Let c be h(2). Suppose c*q + 27 = 2. What is x(q)?
-6
Let t be (4/6)/((-8)/(-36)). Suppose t = -3*g + 15. Let h(j) = 21*j - g + j**2 - 20*j + 0*j**2. Calculate h(0).
-4
Let w(m) = -4*m**2 - 2*m + 3. Let o(n) = -n**2 + 2*n - 1. Let g(j) = -3*o(j) + w(j). Let i = -10 - -3. Calculate g(i).
13
Suppose 5*h = p + 35 - 2, -2*h - 4*p = 0. Let y be ((-2)/h)/(10/90). Let b be ((-16)/(-6))/2*y. Let g(u) = -u + 5. Give g(b).
9
Suppose -14 = -2*m - 0*m. Let t(h) = -29*h + 71 - 82 + 59*h - 29*h. Determine t(m).
-4
Let w(c) = c**2 + c + 1. Let a be ((-20)/(-8) - 3)/(1/2). Let b(f) = -2*f - 2. Let t(g) = a*w(g) - b(g). Let p(y) = -y. Let x be p(2). Calculate t(x).
-5
Let o(r) be the second derivative of 41*r - 5*r**2 + 0 + 1/12*r**4 + 2/3*r**3. Give o(-7).
11
Let p = 14 + -11. Let y(j) be the second derivative of -j**3/6 + j**2/2 - 40*j. Give y(p).
-2
Let b(p) = -p + 5. Suppose 12*f - 9*f = 36. Suppose 0 = 4*q - 9*q - 4*v - 56, v + f = -q. Calculate b(q).
13
Suppose 35 = 3*r - 1. Let t = -10 + r. Let l(a) = 2*a + 0 - t + 0*a + 5. Give l(-6).
-9
Let r be (0/(-3))/((-2)/1). Suppose -4*q + 1 - 9 = r. Let u be 4 + 24/(-4) + q. Let w(n) = -n**3 - 4*n**2 + 5*n + 2. Calculate w(u).
-18
Let i(q) = q. Suppose 4*j - 2*b + 36 = 0, 3*j + 8 + 19 = 4*b. Let o(n) = -n + 0*n + 10 + 2*n. Let p be o(j). Give i(p).
1
Let z(o) = 3*o - 7 + o - 5*o. Let h = -1151 - -1147. Calculate 